rivative of -5/24*j**4 + 0*j**3 + 0*j + 0 - j**2. Calculate c(m).
5
Let f(q) = 2*q**2 - 4. Suppose 5*u - 1 = 3*g, 4*g - 4 + 0 = 4*u. What is f(g)?
14
Let y(a) = 5*a - 2 + a**3 - 3*a - a - 5*a**2 + 3*a. Calculate y(4).
-2
Let s(c) = -c**2 + c + 2. Suppose 0 = -11*l + 12*l. Determine s(l).
2
Let w(v) = v**2 + 11*v**3 + 10*v**3 - 22*v**3 - 10. Calculate w(0).
-10
Let o(h) = 0*h + h - 11 + 0*h + 0*h. Let v be (-6)/(-9)*3*1. Suppose -3*i = v*i - 25. Determine o(i).
-6
Let r(z) be the third derivative of -z**5/60 + z**4/8 + z**3/2 - 2*z**2. What is r(4)?
-1
Let j(t) = 4*t + 4. Suppose 0 = 3*p + 5*b - b - 41, 0 = 2*p + 3*b - 28. Suppose p = -3*v + 4*m, 5*v = -m - 35 + 9. Calculate j(v).
-16
Let z(x) = -2*x + 2. Let t = -91 + 89. Give z(t).
6
Suppose -1 = -2*w + 1. Let d(k) = -k**2 + 2*k + 8 + 6 - 15. Calculate d(w).
0
Suppose -2*q + 0 + 20 = -2*m, 5*q - 44 = 2*m. Suppose -q = -n + 3*n. Let f = n - -4. Let v(s) = -s + 2. Give v(f).
2
Let x(u) be the first derivative of -u**3/3 - 4*u**2 + 2*u - 5. Determine x(-8).
2
Let n(f) = -f**2 - 16*f - 5. Let d(c) = c. Let o(k) = -6*d(k) - n(k). Calculate o(-7).
-16
Let j(y) = -7*y**2 + 7*y. Let w(d) = -11*d**2 + 11*d. Let f(n) = -8*j(n) + 5*w(n). What is f(-2)?
6
Suppose 5*m = -z - 3*z - 13, -2*m + 5 = 5*z. Let q(c) be the second derivative of -1/6*c**z - 1/2*c**2 + 0 - c. Determine q(-4).
3
Let b(g) = 2*g**3 - 2*g**2 - 2*g - 2. Let o(f) = -3*f**3 + 3*f**2 + 3*f + 5. Let l(n) = 5*b(n) + 3*o(n). What is l(0)?
5
Let n(y) be the second derivative of y**7/2520 - y**6/720 - y**5/24 + 5*y**4/12 - 2*y. Let m(g) be the third derivative of n(g). Calculate m(4).
7
Let y(z) = 1. Let n(x) = x**2 + 2*x + 2. Suppose -5*u + 1 = -4. Let o be -2 + (-2 - 3/(-1)). Let b(l) = o*n(l) + u*y(l). Determine b(-1).
0
Let h(z) = -2*z**2 + 2*z + 1. Let f be h(-1). Let a(d) be the first derivative of 4*d + 1/4*d**4 + 8 + d**3 + 0*d**2. Calculate a(f).
4
Let l(y) = y**2 + 3*y + 4. Let g(p) = -2*p + 4. Suppose 3*r - 17 = 2*n - 2*r, -5*n + 30 = 2*r. Let q be g(n). Determine l(q).
8
Let d(y) be the second derivative of -7*y**5/20 - y**4/12 - y**3/6 + 23*y. Calculate d(-1).
7
Let r(y) = y**2 - 7*y + 8. Let t be r(6). Suppose 3*j = t*j. Let w(m) = m - 5. Let f(i) = -2*i + 10. Let v(a) = 6*f(a) + 13*w(a). Determine v(j).
-5
Let j(v) = -3*v**2 + v - 1. Let o(h) = 4*h**2 + 2. Let r(t) = -3*j(t) - 2*o(t). Suppose -2*q = -q - 3. Give r(q).
-1
Let y = -6 + 17. Let n = y - 16. Let i = 9 + n. Let r(l) = -l**2 + 6*l - 1. What is r(i)?
7
Suppose 2*b - 3*v - 14 = -7*v, 4 = 4*b + 2*v. Let t(p) = -6*p**2 - p - 1. Give t(b).
-6
Suppose 0*p = -3*p. Suppose 2*j + j = p. Let o(k) = -k**3 - 2 + 2*k**2 + k - 3*k**2 + 0*k**3. Calculate o(j).
-2
Let m(y) = y**2 + 14*y + 5. Let j be m(-14). Suppose j*h - 20 = h. Let z(q) = 5 + 1 + h*q - 7*q + 2. Calculate z(6).
-4
Suppose -3*n = -5*p + 42, 5*n - p + 5*p + 33 = 0. Let k be 2/n + (-473)/99. Let g(c) = -c**3 - 4*c**2 + 7*c + 5. Give g(k).
-5
Let i(c) be the first derivative of -c**2/2 + 4*c - 12. Give i(6).
-2
Let f(z) = -4*z**2 - 6*z + 4 - 1 + 3*z. Let r(b) = -3*b**2 - 2*b + 2. Let m(k) = -k + 1. Let j be m(4). Let o(i) = j*r(i) + 2*f(i). What is o(1)?
1
Suppose 2*d = 5*q + 13, 2*d + 5*q = d - 1. Suppose -d - 2 = 3*b. Let n be 3*(-2 + 4)/b. Let o(h) = -h**3 - 4*h**2 + 3. Determine o(n).
-6
Let v(g) = -2 + 112*g + 7 - 111*g. Determine v(-4).
1
Suppose 7*v - 15 = 2*v. Let s be (-2 + 3)/((-2)/(-10)). Let m(b) = b - s*b + 3*b + 1. Give m(v).
-2
Let o(n) be the second derivative of 2*n**3/3 - 5*n. Suppose 2*i + 3*i = -40. Let z be ((-2)/(-3))/(i/12). Determine o(z).
-4
Let c(b) = b**3 - 6*b**2 + 4*b - 5. Let n = 9 + -14. Let w = n - -10. Determine c(w).
-10
Suppose -65 = -5*a - 0*a. Let m = a - 13. Let l(z) = z + 3. Give l(m).
3
Suppose 0 = g - 3*z - 13, 3*g - 4 = 2*z + 14. Let l(u) be the first derivative of 0*u**3 + 2 - u**2 + u + 1/2*u**g. Calculate l(-2).
-11
Let p(h) = h - 3*h + 20 + 22*h. Let w(z) = 7*z + 7. Let c(a) = -6*p(a) + 17*w(a). Suppose 3*u - 3*f = 0, -u + f = 4*u. What is c(u)?
-1
Let l = 11 + -7. Let v(t) = -1 + 0*t + l*t - 2. Give v(2).
5
Let c = 1 + 3. Let v(i) = -i - 5. Calculate v(c).
-9
Let r(b) = 2*b - 13. Let q(u) = -u + 6. Let i(a) = -5*q(a) - 3*r(a). What is i(0)?
9
Let t(h) be the third derivative of h**4/24 - 10*h**2. Calculate t(2).
2
Let o(y) be the third derivative of -y**5/60 - y**4/6 - 2*y**3/3 + y**2. Let u(f) be the second derivative of -5*f**3/6 + 5*f. Let i be u(1). Determine o(i).
-9
Let f = -5 + 4. Let j be 2 - 3 - f/1. Suppose -b - 3*g = 2, 19 = -j*b - 4*b - g. Let x(n) = -n**2 - 6*n - 1. Give x(b).
4
Let s(n) = -424*n + 5*n**2 + 424*n + 8*n**2 + 1. Determine s(1).
14
Suppose 2*s - s - 113 = 4*y, -5*s = 4*y + 107. Let o = -28 - y. Let f(c) = -c**2 - c - 4. Give f(o).
-4
Let d(o) = 3 - 2*o - 3. Suppose y + 5*r = 4, 37*r = 3*y + 32*r - 12. Give d(y).
-8
Suppose 6 = -5*x + 36. Let h be (x/(-15))/((-2)/(-20)). Let a(k) = 0 - 5*k - k**2 + 2 - 1. Determine a(h).
5
Let h be (1/1)/((-7)/(-14)). Let b(s) = 5*s**2 - 2 - 1 - h - 4*s - 4*s**2. Determine b(5).
0
Let v(p) = p**2. Let l(d) = d**2 - 3*d**2 - d**2 - d + 2*d**2. Let f(z) = -7*l(z) - 6*v(z). Calculate f(-6).
-6
Let d(h) be the third derivative of h**7/2520 + h**6/120 + h**5/30 + h**4/8 + 9*h**2. Let b(v) be the second derivative of d(v). What is b(-4)?
-4
Let w(k) = 10*k - 2 - 2 - 9*k. Determine w(7).
3
Let k(s) be the third derivative of 0*s + 1/12*s**4 + s**2 + 0 - 1/3*s**3 + 1/20*s**5. Calculate k(-2).
6
Suppose -t + 7 = 4*t - 4*k, -5*t - 3*k = -21. Let o(b) = 6*b + 5 + 2*b - t*b - 6. Let v(s) = -s**3 + 9*s**2 + 10*s + 1. Let w be v(10). Give o(w).
4
Let f(z) = -z**3 + 5*z**2 - 3. Let c = -1 - -6. Calculate f(c).
-3
Let t = 4 - 5. Let q(s) = -14*s + 5*s**2 + s**3 + 16*s - 4*s**2 + 1. Give q(t).
-1
Let m(o) = o**3 + 0 - 2*o**3 + 5 - 4*o - 5*o**2. Give m(-5).
25
Let h be 5*((-32)/(-20) + -2). Let x(t) = -4*t**2 - t - 2. Determine x(h).
-16
Suppose 0 = -2*b + 4*b + 12. Let j(g) = -g**2 - 6*g - 9. Calculate j(b).
-9
Let x be -1 + 4/((-12)/(-9)). Let a be 0/x + 2 + -3. Let p(n) = 4*n**2 - 5*n + 2 - 3 + 3*n. Give p(a).
5
Let s(j) be the first derivative of 0*j + 1/2*j**3 + j**2 - 1/24*j**4 - 1. Let n(w) be the second derivative of s(w). Calculate n(4).
-1
Let o(g) = 6*g - 1. Suppose 4 = j - a, -j + 5*a + 2 = -14. Calculate o(j).
5
Let a(l) = 4*l - 5*l - l**2 + 2*l**2 + 2*l. Let d(y) = -y**2 - 2*y - 1. Let s be d(-1). Suppose -4 = -s*q + 2*q. What is a(q)?
2
Let v(h) = 2*h**2 - 4*h + 8. Let x be v(5). Let b be x/14 - (-6)/21. Let y(i) = i**3 - 2*i**2 - i + 1. What is y(b)?
7
Suppose 2 = 3*m - 4. Let j(s) be the third derivative of 5/6*s**3 + 0*s - 1/60*s**5 + 0 + 1/12*s**4 + 3*s**m. Give j(4).
-3
Let i(r) = -2*r**2 - 7*r - 5. Suppose 3*b - 2*b + 9 = 0. Let s = b + 5. Determine i(s).
-9
Let r(g) = g + 1. Let v(y) = -2*y - 4. Let c(m) = -2*r(m) - 2*v(m). Suppose 0 = -3*i - 9 - 6. Give c(i).
-4
Let c(g) = 2*g. Let a be c(2). Let o(p) = -p**3 + 4*p**2 + 3*p - 3. Give o(a).
9
Let h(g) = -g. Let r be (1 - 12/8)*-4. Calculate h(r).
-2
Let o(c) = 20*c**3 - 12*c**2 - 14*c + 17. Let k(v) = 7*v**3 - 4*v**2 - 5*v + 6. Let g(w) = 17*k(w) - 6*o(w). Determine g(3).
6
Let v(x) = 10*x + 11. Let s(g) = 15*g + 17. Let i(a) = -5*s(a) + 8*v(a). Suppose -2*y = -y + 3. Give i(y).
-12
Let f(k) = -4*k**2 + k**2 + 2*k**2 + k - 7 + 2*k**2. Calculate f(-5).
13
Suppose d - r + 7 - 4 = 0, -2*d = -r + 5. Let q(y) = 5*y + 3. Give q(d).
-7
Let v(h) = -h**2 + 3*h**2 - 6*h + 1 + 0*h + 3*h. Give v(-3).
28
Let p = -10 + 12. Suppose -k - c + p = -2, 5*k = 4*c - 16. Let a(y) = -y. Give a(k).
0
Let t be (25 + -3)/2 + 0. Let z(c) = -c**3 + 12*c**2 - 10*c - 11. What is z(t)?
0
Suppose 0 = -x + 2*i - 3 + 7, i + 2 = 5*x. Let z(k) = -2*k + 0*k - 2 + 0*k - k. Let g(m) = m. Let c(b) = -4*g(b) - z(b). Give c(x).
2
Let i(k) = -k**3 - k**2 + 2*k + 1. Let t be 2/3*9/(-3). Let s(h) = h**3 + 2*h**2 + h. Let a be s(t). Let l = a - -4. Give i(l).
-7
Let s(q) be the first derivative of -q**6/120 + q**4/24 - q**3/6 - 5*q**2/2 - 1. Let c(x) be the second derivative of s(x). Give c(0).
-1
Let f(x) be the first derivative of -3/2*x**2 - 1/3*x**3 + 4*x - 4. Let n(p) = p**3 - 4*p**2 - 5*p - 5. Let c be n(5). Calculate f(c).
-6
Suppose -3*q = -3*w + 21, 5*w = -q - 15 + 38. Let k(y) = y - 5. Calcula